 - n**2 - n + 1. Let b(z) = 7*z**3 - 6*z**2 - 2*z - 17. Let l(r) = -b(r) - 4*g(r). Give l(-9).
40
Let v(r) = r. Suppose 0 = 6*y - 2*y. Let h be v(y). Let l(t) = -9*t**2 - 8*t + 48. Let w(f) = f**2 + f - 6. Let c(b) = -l(b) - 8*w(b). What is c(h)?
0
Let v(t) = t**3 - 3*t**2 + 4*t - 3. Let p = 159 - 157. Give v(p).
1
Let f(l) = 2*l + 10. Suppose -64 = 2*n - 50. Calculate f(n).
-4
Let w(i) = 6*i**3 + 81*i**2 - 76*i + 63. Let g(j) = j**3 + 16*j**2 - 15*j + 12. Let l(z) = -11*g(z) + 2*w(z). Give l(13).
-6
Let v(u) = -u + 1. Suppose -3*k - 2*k = 515. Let h = 105 + k. Calculate v(h).
-1
Let l(a) = -3*a**2 + 3 + 5*a**2 + 2*a + a**3 + 0 + 3*a**2. Determine l(-5).
-7
Let k(t) = -t - 4. Suppose 22 - 92 = -5*p. Let u = -16 + p. Let y be ((-27)/18)/(u/4). What is k(y)?
-7
Let u(j) = 3*j + 4. Let l(r) be the first derivative of -r**2 - 2*r - 8. Let s(d) = 5*l(d) + 3*u(d). Suppose q + 10 = -q. Give s(q).
7
Suppose -13*k + 18 = -4*k. Let b(h) = h**k - 2*h - 2 - 3*h**2 + 5 + h**3. Calculate b(3).
6
Let a(t) = -2*t + 89. Let y be a(40). Let c(m) = m**3 - 9*m**2 - m + 2. What is c(y)?
-7
Suppose 11*h + 0*h = 0. Let f(r) be the second derivative of -r**3/6 + 3*r**2 - r. Determine f(h).
6
Let b be ((-14)/(-8))/((-28)/(-112)). Let m(j) = -11 + 6 + 6*j + b + j**2 + 2. Determine m(-4).
-4
Let g(u) = -u**2 - u + 8. Let c be (-20 + 15)*18/15. What is g(c)?
-22
Suppose -z + 4 = -4*m, -3*z + 3 = -2*m - 9. Let l(x) = -76 + x**2 + 70 - z*x - 2*x. What is l(6)?
-6
Let g(p) be the first derivative of -p**4/4 + 14*p**3/3 - 15*p**2/2 + 27*p - 7. Give g(13).
1
Let i(d) be the third derivative of 1/6*d**3 - 1/20*d**5 + 1/12*d**4 - 18*d**2 - 2 + 0*d. Give i(2).
-7
Let g(x) = x**3 - 9*x**2 + 23*x - 14. Let f be g(5). Let d(k) = -7*k. Give d(f).
-7
Let x(g) = -g + 1. Suppose 5*w = -5*c + 20, 5*c - 5*w = -w + 47. Determine x(c).
-6
Suppose -3*r - 1 = -13. Suppose -4*h + w = -17 - 7, r*h - 5*w = 40. Let m(u) = u**2 - 5*u - 3. Determine m(h).
-3
Suppose 5*n - 13 = -h, 8 = 4*n - h - 6. Let m be n - ((-30)/(-3))/1. Let c(b) = -b**3 - 8*b**2 - 7*b + 10. What is c(m)?
10
Suppose 0 + 15 = 5*h. Suppose 0*z - 2 = -2*r + 2*z, -2*r + z + 3 = 0. Let a(j) = -3 + 2*j + 2 + r + j. What is a(h)?
10
Let a(l) be the first derivative of -l**3/3 - l - 3. Let q(v) = 3 - 4*v + 4*v**2 - v**3 + 0*v**2 - 3. Let i be q(3). Calculate a(i).
-10
Let i(r) = r. Let p be -3 + (1/2 - 3/(-6)). Determine i(p).
-2
Let i(b) = b**3 - 2*b**2 + 2*b. Let x(n) = -2*n + 2. Let t be x(-2). Let q be (3 - t)/(2/(-14)). Suppose 4*m - 5*v + 4*v = 14, -5*m + q = -3*v. Calculate i(m).
15
Let g(a) = 3*a - 3. Suppose 2*r + 2*u = 10, -5*r - u + 0*u + 37 = 0. Give g(r).
21
Suppose -2*f = f - 6. Suppose -6 = -j - 2*a, 12 = 3*j + j + f*a. Let d(o) = -2 + 0 - o + 0. What is d(j)?
-4
Suppose -5*v + 226 + 483 = -3*g, -3*g = -3*v + 429. Suppose 5*d + 2*i = 134, -5*d + 0*d = 5*i - v. Let m = d + -31. Let s(u) = -2*u - 4. What is s(m)?
6
Let r(b) be the second derivative of b**3/6 + 5*b**2/2 + 2*b. Let g be (2 + -3 - 0)*7. Let n = 0 + g. Calculate r(n).
-2
Let w(z) = z**2 - 6*z - 2. Let b(l) = l**3 + 6*l**2 - 15*l - 13. Let h be b(-8). Let m be 6/h + (-37)/(-7). Determine w(m).
-7
Let t(b) = 2*b + 8. Suppose -5*k = -0*d - d + 13, 3*d + 5*k = -1. Let i be -9 - -4 - d*1. Give t(i).
-8
Let z(j) = 2*j - 12. Suppose 33 = 5*h - h + k, -5*h - 3*k + 36 = 0. Calculate z(h).
6
Let s(m) = -m**3 + 8*m**2 + 10*m - 7. Let k(b) = -b**3 - b**2 + b. Let g(j) = -2*k(j) + s(j). Determine g(-9).
2
Let w(v) = 6*v**3 + v - 7*v**3 - 3*v**2 + 4*v**2 - 4*v**2 + 2. Give w(-3).
-1
Let l be (3/(-6))/((-2)/(-4)). Let q(p) be the third derivative of 0*p**3 + 0 + 1/3*p**4 + 0*p + 2*p**2. Determine q(l).
-8
Let b(m) = m**3 - 7*m**2 - 8*m + 6. Let u(a) = -a**2 + 21*a - 90. Let g be u(7). Determine b(g).
6
Let n(r) = -r**3 - 4*r**2 - 4*r. Let t be 4 - (2 - 12/(-2)). Let x = 9 + t. Suppose 4*b + 4*f = -f - 7, -x*b + 5*f - 20 = 0. Determine n(b).
3
Let k(u) = 0*u - u - 207641 + 207642 - u. Let f(s) = s - 2. Let l be f(4). What is k(l)?
-3
Let r(k) = -4*k**2 - 30*k + 1. Let n(o) = -3*o**2 - 20*o + 1. Let j(i) = 3*n(i) - 2*r(i). What is j(6)?
-35
Let g = 5 + 7. Suppose g*d + 6 = 15*d. Suppose -d*r - r - 29 = -4*t, t = r + 8. Let s(y) = -y + 4. Give s(t).
-1
Let l(q) = -4*q + 11. Let a(r) be the first derivative of -5*r**2/2 + 12*r + 3. Let u(b) = -5*a(b) + 6*l(b). Let w be (-12)/8 - 7/2. What is u(w)?
1
Let d(j) = 4 - 2039*j**2 - 5 + 3*j + 2048*j**2. Give d(2).
41
Let l(n) = 9 - 11*n**2 + 9*n + 7*n - 15*n - n**3. Give l(-11).
-2
Let r(b) = 12*b**3 - b**2 + b. Suppose 0 = -24*h + 2 + 22. What is r(h)?
12
Let s(n) = -n**3 - 2*n - 5 - 5*n + 10*n + 10*n**2 + 8*n. Let u be s(11). Let c(h) = 0 - h**3 + 3 - 6*h - 6*h**2 + 5*h - 5*h. Give c(u).
8
Suppose -1 = -4*y + 11. Let n(q) = -6*q**2 + q + 9. Let c(z) = 3*z**2 - z - 5. Let j(f) = y*n(f) + 5*c(f). Give j(2).
-14
Let z(m) be the first derivative of -m**2/2 + 9*m + 11. Let a(y) = y**2 + 5*y - 2. Let w be a(-6). Calculate z(w).
5
Suppose -15*m = -18 + 93. Let a be 2/1 - (-2 - -2). Let s(k) = 0*k**a - 3 - k - 6*k - k**2. Give s(m).
7
Let h(x) = -7*x + 4*x - 47 + 93 + x**3 - 45 + x**2 - x. Suppose 8*i = 4*i - 12. Determine h(i).
-5
Let s = 9 + -14. Let q(g) = -12*g**2 + 10*g**2 + 6*g + 3*g**2 - 5 + 0*g**2. What is q(s)?
-10
Let p be 3*-2*(-4)/8. Let b = p - 1. Let i(v) be the second derivative of v**4/3 - 2*v**3/3 + v**2 - 2*v. Calculate i(b).
10
Let a(f) = f**2 + 7*f + 2. Let c = -2 - 22. Let q = c + 8. Let t be ((-8)/q)/(2/(-20)). Determine a(t).
-8
Suppose -5*x + 6 = -2*b, -4 = -4*b + 2*x - 0. Let l be (8/5)/(b/5). Suppose 3*z + 6 = -5*a, -l*z - 3 = -a + 6*a. Let t(s) = 2*s - 2. What is t(z)?
4
Let z(c) = c**3 - 7*c**2 - 10*c + 16. Suppose -69*i + 77*i = 64. Determine z(i).
0
Let i = 22 - 20. Suppose i*o - 7*o = -4*r + 8, 2*o = -r + 2. Let h(k) = 5 + 2 + 157*k + o - 158*k. Determine h(5).
2
Suppose 21 - 3 = 3*c. Suppose 0 = 4*k + c + 10. Let o(m) = 2*m + 2. What is o(k)?
-6
Let c(t) = -t**2 - 3*t + 2. Let k(m) = m**3 + 4*m**2 + 27*m + 104. Let r be k(-4). Give c(r).
-2
Let i be ((-8)/20)/(1/(-15)). Let q be -1 - (-15 - -1 - -4). Let m(w) = q - 14 + w**2 + w - 7*w**2 + w**3. What is m(i)?
1
Let y be 3 + -1 - (-208)/(-4). Let k be (-90)/14 + 6 - y/(-14). Let d(x) = x**3 + 2*x**2 - 2*x - 1. Determine d(k).
-25
Let w(c) = -c - 12. Let z(n) = -n**2 + 9*n - 8. Let u be z(7). Suppose -10*h = -u*h + 16. Let k be h/4 - 0 - 4. Calculate w(k).
-7
Let s(n) = -n**2 - 2*n + 2. Let g(f) = -f + 1. Let z(m) = 6*g(m) + s(m). What is z(-9)?
-1
Let a(j) = -5*j**2 + 11*j + 4. Let n(u) = 4*u**2 + 0*u + 3*u - 3 - 13*u. Let y(t) = -5*a(t) - 6*n(t). Calculate y(-4).
-6
Let d(i) be the second derivative of 1 - 1/4*i**4 + 3*i + 1/2*i**3 - 1/2*i**2. Determine d(2).
-7
Let n(i) = -i**3 - 9*i**2 - 8*i + 1. Let k = 97 + -105. What is n(k)?
1
Let w(b) be the first derivative of b**2/2 - 2*b + 1. Let m(s) = -s**2 + s + 13. Let x(j) = -j**3 - 5*j**2 + 8*j + 15. Let u be x(-6). Let t be m(u). Give w(t).
5
Let f = 1/6 - 1/12. Let t(l) be the third derivative of -l**2 + f*l**4 + l**3 + 0*l + 0. What is t(6)?
18
Suppose 4 = -3*q - 11. Let v(c) = -c**2 + 29*c - 19*c - 18*c - 4 - 1 - 1. Calculate v(q).
9
Let l(w) = 2*w - 11. Let z be l(7). Let t be ((-9)/(-6))/(z/6). Let n(j) = 11 - j - 7*j**3 - 4*j + j**2 + 6*j**t + 4*j. Determine n(0).
11
Suppose 3*n = 2*x + 13, -5*n + 27 = -2*x + 4*x. Let v(j) = -11*j**2 + 6*j + 89 + 10*j**2 - 92. What is v(n)?
2
Let y = 2 + -7. Let l(f) be the second derivative of 0 - 2/3*f**3 - 21*f + 1/2*f**2 - 1/2*f**4 - 1/20*f**5. Determine l(y).
-4
Let z(m) be the first derivative of -2 - 4 - 5*m + 171*m**2 - 2 - 170*m**2. Let o be ((-20)/4)/((-1)/1). Give z(o).
5
Suppose -38 = -6*d - 86. Let g(t) = 3*t - 1. Give g(d).
-25
Let o(n) = 6*n + 3. Let j be o(-1). Suppose 4*k - 18 = r - 0*k, r = k - 3. Let u(s) = 4 - 2 + s**3 + 5*s**2 + s + 2 - s**r. What is u(j)?
10
Let v(n) = -n**3 + 61*n**2 + n - 123*n**2 + n + 61*n**2. Determine v(2).
-8
Let j(v) = -29*v - 36*v + 4 + 62*v + 0. Give j(-8).
28
Let b(o) = o + 5*o - 2*o - 2. Suppose -5*s + 0*s = 0. Suppose -5*a + 15 = -5*d, s = -5*d + a + 2 + 3. Give b(d).
6
Let n(c) = -1. Let i(z) = -z + 5. Let m(w) = i(w) - 2*n(w). Let x be 4*10/(-20)*15/(-6). Determine m(x).
2
Let c = -3 - -10. Suppose -6*j = -c*j.